te the highest common divisor of i and 40.
40
Let f(m) = 173*m**2 - 11*m + 34. Let y be f(2). Calculate the highest common factor of 22 and y.
22
Suppose 4*r = -0*r + 8. Suppose -3*m + 5*t = -2*m + 7, 28 = m + 2*t. What is the greatest common factor of r and m?
2
Let k = -116 - -140. Suppose -3*a - 387 = -4*x, 3*x - 6*a = -2*a + 292. What is the greatest common divisor of x and k?
24
Suppose -5*o + 80 = 5*n, 31 = 4*o - 2*n - 27. Suppose 9*s = 6*s + o. Suppose s*z + 37 = 112. Calculate the greatest common factor of 10 and z.
5
Let b(k) = -k + 0 - 1 - 7*k - 12. Let f be b(-11). What is the highest common factor of f and 15?
15
Let g = 429 - 421. Calculate the greatest common factor of 4 and g.
4
Let g be (-2 + 4)*266/4. Let b(f) = f**2 - 6*f + 3. Let j be b(8). Calculate the highest common divisor of g and j.
19
Suppose -15 = -5*j + 5. Suppose j*a - 12 = 3*a - z, z = 1. Calculate the greatest common divisor of a and 121.
11
Let l be (-7 + 88/16)*-18. Calculate the greatest common factor of 432 and l.
27
Let x be (-88)/(-5) + 14/(-455)*-13. Calculate the greatest common factor of 198 and x.
18
Let c be (-139)/(-3) - 96/72. Let b = 94 - c. Calculate the greatest common divisor of b and 7.
7
Let r = -5 - 7. Let z be (-210)/4*r/9. Calculate the greatest common divisor of 20 and z.
10
Suppose 0 = -2*i + 112 + 108. What is the highest common divisor of 132 and i?
22
Let i be (-598)/(-3) - (-6)/9. Suppose -4*r = -9*r + q + 16, 4*q = -4. Suppose i = -r*t + 11*t. Calculate the greatest common factor of 200 and t.
25
Let i = -1568 + 2902. What is the greatest common divisor of 58 and i?
58
Suppose -38*d + 32 = -34*d. Suppose 0 = 13*b - d*b - 105. Calculate the highest common factor of 28 and b.
7
Suppose -113*j - 12600 = -233*j. Let a(m) = 15*m - 3. Suppose b = -2*k + 7, 2*k + 2*k = 4*b - 4. Let w be a(b). Calculate the highest common divisor of j and w.
21
Let h(g) = 15*g - 7. Let b be h(2). Suppose -3*a = -5*w + 212, b = -5*a + 3. Calculate the greatest common factor of 10 and w.
10
Suppose -451*i + 108 = -445*i. Calculate the highest common divisor of i and 720.
18
Let j(s) = -12*s - 2. Let d be j(-2). Suppose 4*a - 295 + 74 = 3*w, -4*w - 2*a = 302. Let m = w - -273. What is the highest common factor of m and d?
22
Let n(y) = -y**3 + 4*y**2 + y + 4. Let b = -15 + 22. Let o be b - ((0 - -2) + 1). Let k be n(o). What is the highest common divisor of k and 88?
8
Let j = -22 - -18. Let i be (0 - j)*3*18. What is the highest common divisor of i and 27?
27
Let x(w) = -9 - w - 3*w - 3*w. Let b be x(-5). Let r = 224 - 120. What is the greatest common divisor of r and b?
26
Let t be 345/21 + (-12)/(-21). Suppose -n - 3*p + t - 4 = 0, -4*p - 46 = -5*n. Calculate the greatest common divisor of 80 and n.
10
Let j = 48 + 38. Calculate the greatest common divisor of 2 and j.
2
Let y be (17/(-2) - (-3)/(-6))/(-1). Calculate the highest common factor of 21 and y.
3
Let x be 4*(-2)/12*(-763 + 7). What is the greatest common factor of 112 and x?
56
Let q = 237 + -222. What is the highest common factor of 100 and q?
5
Suppose 0*p + 2*p + 3*f = -3, 4*p + 3*f + 3 = 0. Let d be 8 + 1 + p + -1. Let k = 169 - 97. What is the greatest common factor of k and d?
8
Suppose 4*z - 46 + 66 = 0. Let k(b) = b**2 + 23. Let v be k(z). Calculate the highest common divisor of v and 72.
24
Let h = -610 + 723. Calculate the greatest common factor of 1921 and h.
113
Let v(s) = -s - 7. Let h be (-2)/(-1*2/(-10)). Let y be v(h). Let b(c) = -c**2 + 10*c - 9. Let x be b(6). What is the greatest common divisor of y and x?
3
Let n be ((-126)/(-364) - 4/(-26))*38. Calculate the highest common divisor of n and 1121.
19
Suppose -4 - 122 = -63*j. Calculate the highest common factor of j and 130.
2
Let t be 2*(-353 - -4) + (0 - 0). Let x = 1038 + t. Calculate the greatest common divisor of 34 and x.
34
Let c(q) = q**3 - 3*q**2 - 2*q + 24. Let b be c(6). Calculate the highest common divisor of 10 and b.
10
Let y(r) = r + 5. Let a(l) = -1. Let g(b) = -6*a(b) - 3*y(b). Let p be g(-7). Let t be (-90)/27*(-108)/10. Calculate the greatest common divisor of p and t.
12
Let a(q) = 4*q**2 + 6*q - 5. Let u(l) = -l**2 - 6*l - 4. Let i be u(-4). Let b be a(i). Let y = -13 + b. Calculate the greatest common factor of 10 and y.
10
Suppose -350 = 61*o - 71*o. Calculate the highest common factor of 5 and o.
5
Let c(s) = s**2 - 7*s + 9. Let d be c(7). Suppose 13 = 5*u - 12. Suppose -44 = -u*r + r - 2*q, -5*r + 61 = 4*q. Calculate the greatest common factor of d and r.
9
Let x be 3/18 - 1244/(-48)*2. Let g = -44 + x. Calculate the greatest common divisor of 80 and g.
8
Let p(i) = 16*i - 1. Let b be p(1). Let a = 404 - 371. Let m = a - b. What is the highest common factor of m and 12?
6
Suppose -2*r + 5*r + 91 = 4*k, 4*k - 90 = 2*r. Suppose -14*w - 5*l = -9*w - 1015, w = -5*l + 223. Calculate the greatest common factor of k and w.
22
Suppose -2*l + 4*l + 4*w = 3290, 3*l - 5*w = 4957. Calculate the highest common factor of 194 and l.
97
Suppose -v + 127 + 14 = -2*f, -3*f - 684 = -5*v. Let w = -30 + 45. What is the greatest common divisor of v and w?
15
Suppose 0 = -2*n - 2*k + 168, -2*n + 5*k = -0*n - 140. Calculate the highest common factor of 16 and n.
16
Let c be (-24)/16*1*-120. Suppose 3*b = 8*b + c. Let x = b + 78. Calculate the highest common divisor of 6 and x.
6
Let t(p) = 2*p**2 - 23*p - 19. Let i be t(-9). What is the greatest common divisor of i and 14?
14
Suppose 0 = 5*t - 2*v - 83, 4*v = -4*t + 3*v + 56. Calculate the greatest common factor of 1920 and t.
15
Let c = -6 + 8. Suppose 7*o = c*o - 270. Let n = -24 - o. What is the greatest common divisor of 6 and n?
6
Suppose 3*q = -5*i + 277, -61 + 3 = -i + 2*q. Let g = 7 + -42. Let t = g + i. Calculate the highest common factor of 3 and t.
3
Let f be -4 - (0 - 10) - (-523 + 4). What is the highest common factor of f and 14?
7
Let w be (-1)/(-3) - (7 - (-1370)/(-30)). Calculate the highest common divisor of 52 and w.
13
Let w(v) = -2*v**3 - 2*v**2 - 7*v + 3. Let f(r) = r**3 + r**2 + r + 1. Let x(n) = 3*f(n) + w(n). Let u be x(4). What is the greatest common factor of 10 and u?
10
Let d = 202 + -154. Calculate the greatest common divisor of 60 and d.
12
Let n(l) = -l**2 - 15*l - 43. Let z be n(-8). What is the greatest common divisor of 117 and z?
13
Let y = 1031 + -915. Calculate the highest common factor of 348 and y.
116
Let h(p) be the second derivative of p**5/20 - p**4/6 + 2*p**3/3 - p**2 + 12*p. Let w be h(2). Calculate the highest common factor of 66 and w.
6
Suppose 2*c + 461 = k, 0*k - c - 913 = -2*k. Calculate the highest common factor of k and 13.
13
Suppose 4*u + 0*f = f - 456, 3*f - 125 = u. Let a = -80 - u. What is the greatest common factor of 22 and a?
11
Let j(r) = 4*r + 35. Let u be j(-14). Let b be (108/10)/(u/(-70)). What is the highest common divisor of 4 and b?
4
Let a = -7 - -26. Let p be a + 6/(-10)*-5. Suppose -4*z = -5*z + 88. Calculate the greatest common factor of p and z.
22
Suppose -22*a + 862 + 502 = 0. Calculate the highest common divisor of 713 and a.
31
Let b(w) = -w**3 + 6*w. Let i be b(2). Suppose -2*j = k - 35, 4*j - 6*k - 50 = -i*k. What is the greatest common divisor of 120 and j?
15
Let r(q) be the first derivative of 1/3*q**3 - 1/4*q**4 + 3/2*q**2 + 2 + 3*q. Let k be r(-2). What is the greatest common divisor of 6 and k?
3
Let p be (-84)/39 - -2 - (-74)/(-26). Let x(v) = 7*v**2 + v + 10. Let u be x(p). Let g be (-1 - -10) + (-2)/(-2). What is the greatest common factor of g and u?
10
Suppose 0 = -2*c - 90 + 410. Calculate the highest common divisor of 20 and c.
20
Let w = 26 + 4. Suppose 5*c = 0, -41 = -4*t + 3*c + 7. Calculate the highest common factor of w and t.
6
Let z(q) = q**2 + 3*q - 1. Let a(i) = -2*i + 12. Let w be a(5). Let l be z(w). What is the highest common factor of l and 36?
9
Let o(f) = 2*f**3 + 2*f**2 + f - 1. Let l be o(2). Calculate the highest common factor of 2 and l.
1
Let c(v) = -141*v + 15. Let o be c(-1). What is the greatest common factor of o and 26?
26
Let y be (-284)/(-3) + -4 + (-13)/(-3). What is the greatest common factor of y and 171?
19
Suppose -2*a - 2*d = 3*d - 15, 50 = 2*a - 2*d. Suppose 0 = 3*v - 17 - 13. Let o be (-1 + 8/2)*v. What is the highest common factor of a and o?
10
L